t common divisor of 262 and 7162.
2
What is the highest common factor of 36112 and 133792?
592
What is the greatest common divisor of 42350519 and 238?
17
Calculate the highest common factor of 29 and 1437642404.
29
Calculate the greatest common divisor of 1490925466 and 11084.
5542
What is the greatest common divisor of 1067152017 and 5262?
2631
What is the greatest common divisor of 2077565 and 105?
35
Calculate the highest common factor of 22213134 and 18.
18
Calculate the greatest common factor of 17080 and 107482.
122
What is the highest common factor of 186790875 and 15?
15
Calculate the greatest common factor of 5978 and 50702407.
2989
What is the highest common divisor of 1092280 and 135100?
140
Calculate the highest common divisor of 3178073 and 76.
19
What is the greatest common divisor of 113518 and 375158?
422
What is the highest common divisor of 50912 and 183051?
43
Calculate the highest common divisor of 251308695 and 3795.
3795
What is the highest common divisor of 57602428 and 221?
13
Calculate the greatest common factor of 1568 and 218351056.
784
Calculate the greatest common divisor of 212 and 4303282.
106
What is the highest common factor of 1599051 and 49982?
373
What is the greatest common factor of 112914 and 3434391?
153
What is the greatest common divisor of 3161 and 328135?
29
Calculate the highest common factor of 22776 and 50406792.
1752
Calculate the highest common factor of 6053982 and 3333.
33
Calculate the highest common factor of 497870 and 565.
5
What is the highest common divisor of 592224 and 91938?
1194
Calculate the highest common factor of 204 and 42464181.
51
Calculate the highest common divisor of 540001278 and 36.
18
Calculate the highest common factor of 92115 and 45420.
15
Calculate the highest common factor of 241 and 3141917.
241
What is the highest common factor of 2004 and 3042406?
334
Calculate the highest common divisor of 22156 and 102167.
29
Calculate the highest common factor of 2472913180 and 20.
20
What is the highest common divisor of 165190792 and 91?
13
Calculate the greatest common divisor of 500761 and 370459.
127
What is the highest common factor of 6204 and 6688?
44
Calculate the greatest common factor of 5 and 11372081.
1
Calculate the highest common factor of 13070 and 38234978.
2614
What is the highest common factor of 44 and 100423796?
44
Calculate the highest common factor of 1983506 and 1792.
14
Calculate the greatest common factor of 28679787 and 99.
9
What is the greatest common factor of 11 and 550720500?
11
What is the greatest common divisor of 98535 and 3645?
15
Calculate the highest common divisor of 256527 and 13014.
27
Calculate the greatest common factor of 129664 and 970454.
2026
What is the highest common factor of 296670 and 1760?
110
Calculate the highest common factor of 3507791 and 63539.
2191
What is the greatest common factor of 5454 and 217818?
18
What is the greatest common factor of 2861969 and 11?
11
What is the highest common divisor of 4472 and 33006714?
1118
What is the greatest common factor of 101669 and 2413?
19
What is the highest common divisor of 183 and 929213?
61
Calculate the greatest common factor of 40960 and 683079680.
10240
What is the highest common factor of 13414630 and 40?
10
What is the greatest common factor of 50 and 27824150?
50
Calculate the highest common divisor of 666 and 6075642.
6
Calculate the highest common factor of 57199555 and 18875.
755
Calculate the greatest common divisor of 835641803 and 17781.
5927
What is the highest common factor of 3780 and 3954020?
140
Calculate the highest common divisor of 7196544 and 4824.
72
Calculate the greatest common divisor of 63 and 173415.
3
What is the highest common divisor of 10633585 and 85?
85
What is the highest common divisor of 540730 and 1035?
115
What is the greatest common factor of 31691 and 15445041?
2881
Calculate the highest common factor of 2002916 and 26.
2
Calculate the highest common factor of 359639 and 9628.
83
What is the highest common divisor of 18 and 83498148?
18
What is the greatest common divisor of 12 and 16811800?
4
What is the highest common divisor of 14117 and 5931369?
743
What is the greatest common factor of 8942740 and 4430?
10
What is the highest common divisor of 191323 and 4202?
11
Calculate the highest common divisor of 150960 and 38013060.
2220
Calculate the highest common factor of 408670 and 16940.
10
Calculate the highest common divisor of 20391768 and 3408.
1704
What is the highest common divisor of 58181871 and 3774?
1887
What is the highest common divisor of 2682009 and 7029?
99
Calculate the highest common factor of 2683215 and 720.
45
Calculate the highest common divisor of 820984 and 2054963.
2503
What is the highest common factor of 21808 and 13168460?
188
Calculate the highest common divisor of 386519472 and 9.
9
Calculate the greatest common divisor of 32888679 and 129.
129
Calculate the greatest common factor of 156774 and 85224.
318
What is the greatest common divisor of 6 and 140976102?
6
Calculate the greatest common factor of 65205147 and 42.
21
Calculate the highest common factor of 1603777 and 77.
7
Calculate the greatest common divisor of 1473975 and 360.
45
Calculate the highest common divisor of 19515 and 186630.
15
Calculate the highest common factor of 8786387 and 347.
347
What is the highest common divisor of 40688 and 252328?
8
Calculate the highest common divisor of 31590684 and 72.
36
Calculate the greatest common factor of 17606211 and 21.
21
What is the highest common factor of 95493 and 214755?
417
Calculate the highest common divisor of 156016 and 946288.
784
Calculate the highest common divisor of 3000 and 10936500.
1500
What is the highest common factor of 178099571 and 20908?
5227
Calculate the highest common factor of 260 and 60792000.
20
What is the highest common factor of 5982955 and 715?
55
What is the highest common divisor of 622613421 and 9?
9
What is the greatest common divisor of 217215 and 1791?
9
What is the greatest common divisor of 5269 and 3076138?
479
What is the greatest common divisor of 1289528379 and 103?
103
Calculate the highest common divisor of 144633 and 2740209.
3909
Calculate the highest common divisor of 3551362 and 1818.
202
What is the highest common factor of 91 and 100230949?
91
Calculate the greatest common factor of 88 and 7867112.
88
What is the greatest common factor of 616720 and 45068?
2372
Calculate the highest common divisor of 852472 and 3608.
328
What is the greatest common divisor of 225249749 and 292?
73
Calculate the greatest common divisor of 56486889 and 1398.
699
Calculate the highest common divisor of 150302286 and 23.
23
What is the greatest common divisor of 207988 and 297308?
1276
Calculate the greatest common divisor of 114410 and 79023660.
6730
What is the greatest common factor of 65152 and 13234?
1018
What is the greatest common divisor of 816512 and 3200?
128
What is the highest common divisor of 467 and 11292527?
467
Calculate the highest common divisor of 200749457 and 74.
37
Calculate the highest common factor of 1545128726 and 6618.
2206
What is the greatest common factor of 1472 and 2132261?
23
What is the greatest common divisor of 524904 and 276?
12
Calculate the greatest common factor of 43104 and 121001010.
2694
Calculate the greatest common factor of 56 and 57896152.
8
Calculate the highest common divisor of 27 and 47433477.
3
What is the highest common factor of 3158 and 20301203?
1579
What is the highest common factor of 1782330 and 27258?
66
What is the highest common factor of 27473445 and 4455?
135
What is the greatest common factor of 945 and 101685780?
945
What is the greatest common divisor of 10800707 and 9916?
37
What is the greatest common divisor of 207857202 and 2226?
2226
Calculate the greatest common divisor of 4340 and 2378599.
31
Calculate the greatest common factor of 191354 and 308.
2
Calculate the highest common factor of 294 and 25199916.
294
Calculate the highest common divisor of 7615710 and 18685.
185
Calculate the highest common divisor of 10181214 and 1068.
6
What is the greatest common factor of 1503 and 367407?
9
What is the greatest common divisor of 139013 and 32977?
49
What is the greatest common factor of 6